{"id":34,"date":"2020-07-16T12:33:29","date_gmt":"2020-07-16T10:33:29","guid":{"rendered":"http:\/\/originaltaperecords.com\/?page_id=34"},"modified":"2025-09-18T09:30:53","modified_gmt":"2025-09-18T07:30:53","slug":"groupes","status":"publish","type":"page","link":"http:\/\/originaltaperecords.com\/?page_id=34","title":{"rendered":"Groupes"},"content":{"rendered":"\n<h2 class=\"wp-block-heading\">Funkindustry<\/h2>\n\n\n\n<figure class=\"wp-block-image size-large\"><img decoding=\"async\" loading=\"lazy\" width=\"1024\" height=\"683\" src=\"https:\/\/originaltaperecords.com\/wp-content\/uploads\/2025\/04\/Copie-de-OK_241012_070-1024x683.jpg\" alt=\"\" class=\"wp-image-301\" srcset=\"http:\/\/originaltaperecords.com\/wp-content\/uploads\/2025\/04\/Copie-de-OK_241012_070-1024x683.jpg 1024w, http:\/\/originaltaperecords.com\/wp-content\/uploads\/2025\/04\/Copie-de-OK_241012_070-300x200.jpg 300w, http:\/\/originaltaperecords.com\/wp-content\/uploads\/2025\/04\/Copie-de-OK_241012_070-768x512.jpg 768w, http:\/\/originaltaperecords.com\/wp-content\/uploads\/2025\/04\/Copie-de-OK_241012_070-1536x1024.jpg 1536w, http:\/\/originaltaperecords.com\/wp-content\/uploads\/2025\/04\/Copie-de-OK_241012_070-2048x1365.jpg 2048w, http:\/\/originaltaperecords.com\/wp-content\/uploads\/2025\/04\/Copie-de-OK_241012_070-50x33.jpg 50w\" sizes=\"(max-width: 1024px) 100vw, 1024px\" \/><\/figure>\n\n\n\n<p><br>Funkindustry puise sa vitalit\u00e9 dans la vari\u00e9t\u00e9 et la mixit\u00e9 de la musique afro-am\u00e9ricaine du XXi\u00e8me si\u00e8cle. Alliant avec saveur les gimmicks bruts et entra\u00eenants du funk avec les m\u00e9lodies suaves de la soul, en piochant dans la sensualit\u00e9 de la musique jazz-funk.<\/p>\n\n\n\n<p>L\u2019esth\u00e9tique du groupe a \u00e9t\u00e9 enrichi par la d\u00e9couverte de la musique Funk, RnB et Jazz japonaise des ann\u00e9es 70 et 80 ; plus connu sous le nom de City-Pop. Le 21 juin 2023, Funkindustry a sorti son nouvel opus \u00ab Midnight City Lovers \u00bb, un EP 5 titres en collaborations avec 5 chanteuses japonaises, v\u00e9ritable hommage \u00e0 la musique City-Pop. Le groupe a eu la chance d\u2019accompagner cette sortie par une tourn\u00e9e de 9 dates sur le territoire japonais, d\u2019Osaka \u00e0 Tokyo puis d&rsquo;une seconde tourn\u00e9e asiatique en octobre 2024 qui est pass\u00e9e par le Japon, Ta\u00efwan, l&rsquo;Indon\u00e9sie et le Vietnam !<\/p>\n\n\n\n<p>Contact booking : fx@originaltaperecords.com<\/p>\n\n\n\n<p class=\"has-text-align-center has-white-color has-text-color\"><em>Facebook :<\/em><a href=\"https:\/\/www.facebook.com\/funkindustry\/\"><em> https:\/\/www.facebook.com\/funkindustry\/<\/em><\/a><em><br>Instagram : <\/em><a href=\"https:\/\/www.instagram.com\/funkindustry\/\"><em>https:\/\/www.instagram.com\/funkindustry\/<\/em><\/a><em><br>Website : <\/em><a href=\"http:\/\/funkindustry.com\/\"><em>http:\/\/funkindustry.com\/<\/em><\/a><\/p>\n\n\n\n<figure class=\"wp-block-embed alignwide is-type-video is-provider-youtube wp-block-embed-youtube wp-embed-aspect-16-9 wp-has-aspect-ratio\"><div class=\"wp-block-embed__wrapper\">\n<iframe loading=\"lazy\" title=\"Funkindustry - Teaser Live 2023\" width=\"920\" height=\"518\" src=\"https:\/\/www.youtube.com\/embed\/6D6s1PpsD3M?feature=oembed\" frameborder=\"0\" allow=\"accelerometer; autoplay; clipboard-write; encrypted-media; gyroscope; picture-in-picture; web-share\" referrerpolicy=\"strict-origin-when-cross-origin\" allowfullscreen><\/iframe>\n<\/div><\/figure>\n\n\n\n<figure class=\"wp-block-embed is-type-video is-provider-youtube wp-block-embed-youtube wp-embed-aspect-4-3 wp-has-aspect-ratio\"><div class=\"wp-block-embed__wrapper\">\n<iframe loading=\"lazy\" title=\"I Want You Closer\" width=\"920\" height=\"690\" src=\"https:\/\/www.youtube.com\/embed\/xukntB_eSfc?list=OLAK5uy_nRVx55fivdMQgjrgSXHwFL8k46sptIKho\" frameborder=\"0\" allow=\"accelerometer; autoplay; clipboard-write; encrypted-media; gyroscope; picture-in-picture; web-share\" referrerpolicy=\"strict-origin-when-cross-origin\" allowfullscreen><\/iframe>\n<\/div><\/figure>\n\n\n\n<figure class=\"wp-block-embed alignwide is-type-video is-provider-youtube wp-block-embed-youtube wp-embed-aspect-16-9 wp-has-aspect-ratio\"><div class=\"wp-block-embed__wrapper\">\n<iframe loading=\"lazy\" title=\"Funkindustry, sur les traces de la city pop japonaise - Bande Annonce\" width=\"920\" height=\"518\" src=\"https:\/\/www.youtube.com\/embed\/ellu3jhyRpM?feature=oembed\" frameborder=\"0\" allow=\"accelerometer; autoplay; clipboard-write; encrypted-media; gyroscope; picture-in-picture; web-share\" referrerpolicy=\"strict-origin-when-cross-origin\" allowfullscreen><\/iframe>\n<\/div><figcaption class=\"wp-element-caption\">Bande-Annonce &#8211; Documentaire France3 <br>\u00ab\u00a0Funkindustry sur les traces de la City-Pop japonaise\u00a0\u00bb<\/figcaption><\/figure>\n","protected":false},"excerpt":{"rendered":"<p>Funkindustry Funkindustry puise sa vitalit\u00e9 dans la vari\u00e9t\u00e9 et la mixit\u00e9 de la musique afro-am\u00e9ricaine du XXi\u00e8me si\u00e8cle. Alliant avec saveur les<span class=\"more-button\"><a href=\"http:\/\/originaltaperecords.com\/?page_id=34\" class=\"more-link more-icon\">Lire la suite<span class=\"screen-reader-text\">Groupes<\/span><\/a><\/span><\/p>\n","protected":false},"author":1,"featured_media":0,"parent":0,"menu_order":0,"comment_status":"closed","ping_status":"closed","template":"","meta":{"footnotes":""},"_links":{"self":[{"href":"http:\/\/originaltaperecords.com\/index.php?rest_route=\/wp\/v2\/pages\/34"}],"collection":[{"href":"http:\/\/originaltaperecords.com\/index.php?rest_route=\/wp\/v2\/pages"}],"about":[{"href":"http:\/\/originaltaperecords.com\/index.php?rest_route=\/wp\/v2\/types\/page"}],"author":[{"embeddable":true,"href":"http:\/\/originaltaperecords.com\/index.php?rest_route=\/wp\/v2\/users\/1"}],"replies":[{"embeddable":true,"href":"http:\/\/originaltaperecords.com\/index.php?rest_route=%2Fwp%2Fv2%2Fcomments&post=34"}],"version-history":[{"count":18,"href":"http:\/\/originaltaperecords.com\/index.php?rest_route=\/wp\/v2\/pages\/34\/revisions"}],"predecessor-version":[{"id":320,"href":"http:\/\/originaltaperecords.com\/index.php?rest_route=\/wp\/v2\/pages\/34\/revisions\/320"}],"wp:attachment":[{"href":"http:\/\/originaltaperecords.com\/index.php?rest_route=%2Fwp%2Fv2%2Fmedia&parent=34"}],"curies":[{"name":"wp","href":"https:\/\/api.w.org\/{rel}","templated":true}]}}